 - 15. Calculate the greatest common divisor of l and i.
14
Let h be 1 + (-1 - (0 + -2)). Suppose 3*z - 23 = -2*b, -3 = -5*b + h. Let y be 1512/216*(-15 + 1)/(-2). What is the highest common divisor of y and z?
7
Let x be 10/3*(-1464)/(-305). Calculate the greatest common divisor of x and 40.
8
Let w(z) = z**3 - 2*z**2 - 7*z - 2. Let x be w(6). Let q be ((-15)/(-6))/(5/x). Let f = -21 - -31. Calculate the highest common factor of f and q.
10
Let d be 0/1 - 2 - 38. Let i = 132 + -148. Let k be 2*19*d/i. Calculate the greatest common factor of k and 38.
19
Let u = -172 - -190. Calculate the greatest common divisor of u and 36.
18
Suppose -15 = -20*f + 17*f. Suppose 692 - 32 = f*z. Calculate the highest common divisor of z and 12.
12
Let n(f) = -f**2 + 5*f + 4. Let s be n(5). Let j(t) = 7*t - 213. Let k be j(33). Calculate the greatest common divisor of s and k.
2
Let q be (2/(-4))/(3/(-96)). Suppose 0 = -6*s + 250 - 10. What is the highest common factor of q and s?
8
Let r = 60 - -15. Suppose 0 = -3*k - 2*k + 20. Suppose -3*t = -k*t + 25. What is the highest common factor of r and t?
25
Suppose k + 2*y = -0*k - 4, 4*k - 2 = -2*y. Suppose d = k*d - 37. Calculate the highest common factor of 148 and d.
37
Let d(l) be the second derivative of -3*l**5/20 - l**4/4 + l**3/3 - 15*l. Let a be d(-3). Calculate the greatest common divisor of 24 and a.
24
Let c be (-15 - (4 + -8))/(-1). Let k be 1 + -2 + -4 + 16. What is the highest common factor of c and k?
11
Let p = -1794 + 1796. Calculate the greatest common divisor of 7 and p.
1
Let q be (-2)/((-5)/((-1155)/(-6))). Let y = 5 + -1. Suppose 0*i = y*i - 28. Calculate the highest common factor of i and q.
7
Let w = -104 + 116. Suppose -3*y = -5*a - 2*y + 294, -100 = -2*a - 4*y. Suppose w + a = v. What is the highest common factor of v and 14?
14
Let d(u) = 35*u - 309. Let t be d(9). What is the highest common factor of 66 and t?
6
Suppose -25*b + 704 = -14*b. What is the highest common divisor of b and 48?
16
Let v(c) = c**2 - 9*c - 49. Let y be v(-4). Calculate the greatest common factor of 10 and y.
1
Let p = 9 + -7. Suppose a + 132 = p*a. Calculate the highest common divisor of a and 33.
33
Let g(p) = 3*p - 13. Let w be g(7). What is the highest common divisor of w and 64?
8
Let c be 1*(-1 + 1)/3 + 66. Calculate the highest common divisor of c and 11.
11
Suppose -15*x + 2766 = -1749. Calculate the greatest common factor of 7 and x.
7
Suppose 5*k + 60 = 7*k. Let s = k - 27. Suppose -g + 160 = s*g. Calculate the highest common factor of g and 100.
20
Suppose 4*o = 2*o + 6. Suppose -6*d - 77 = -4*h - o*d, 5*h = -2*d + 79. What is the greatest common factor of 119 and h?
17
Suppose -4*c + 46 = 2*f - 3*c, -3*f - 4*c = -79. Let r(z) = 6*z + 50. Let q be r(f). What is the highest common divisor of 22 and q?
22
Suppose 18*o = 15*o + 21. Suppose -4*f + 42 = o*i - 2*i, -f = 2. What is the greatest common divisor of 40 and i?
10
Let w(n) = -57*n - 391. Let d be w(-7). What is the highest common factor of 36 and d?
4
Suppose -46*a + 39*a + 2464 = 0. What is the greatest common factor of 44 and a?
44
Suppose 0 = -3*c + 8 + 25. Let t(o) = 23*o + 9. Let w be t(c). Suppose -3*f = 46 - w. What is the greatest common factor of f and 8?
8
Let m be (-3 + (-151 - -1))/((-1)/1). What is the highest common divisor of 27 and m?
9
Let s = 4 + 11. Let z = 0 + 105. Calculate the greatest common factor of z and s.
15
Let a(z) = -28*z + 3. Let w(s) = 55*s - 6. Let q(v) = -7*a(v) - 4*w(v). Let l be q(-3). What is the highest common divisor of 30 and l?
15
Suppose -4*l + 3014 = 534. What is the highest common factor of l and 496?
124
Let g = 223 - 133. Let m = 4 - -32. What is the greatest common factor of m and g?
18
Let p be -7*(-7)/4 - 203/812. What is the greatest common divisor of 108 and p?
12
Let d = 41 + -81. Let k = 66 + d. Let t be (156/8)/((-4)/(-8)). Calculate the greatest common divisor of k and t.
13
Let n = 5 + -1. Let d be 5/(-25) + 3/15. Suppose d = n*r - 87 + 35. Calculate the highest common factor of 143 and r.
13
Let z be 3/(-9)*2*-6. Let m = z + -1. Suppose h = -m + 28. Calculate the highest common factor of h and 10.
5
Suppose 12*r - 186 = 342. Let m be (-7)/(14/(-8)) - -7. Calculate the highest common factor of r and m.
11
Let t = 1004 - 634. Calculate the highest common factor of t and 222.
74
Suppose -9 = 3*q, 3*l + 0*q + q - 174 = 0. Let r = l - 23. Suppose 4*j - 2*j - r = 0. Calculate the greatest common divisor of 90 and j.
18
Let d = 145 - 74. Let a = d + -31. What is the highest common factor of 8 and a?
8
Suppose 2*s = -y + 5 + 50, -3*s = y - 56. What is the greatest common factor of 1484 and y?
53
Let o(y) = 69*y - 93. Let a be o(7). What is the highest common divisor of 10 and a?
10
Let r = -436 + 456. Calculate the greatest common divisor of 190 and r.
10
Let b be (4 - -1)/(-1 - -2) + -3. Suppose 3*s = -5*m - 180 + 1830, b*s = 0. What is the greatest common divisor of m and 30?
30
Let j(q) = q**2 - 7*q + 9. Let v(f) = f**2 + 4*f - 15. Let c be v(-7). Let u be j(c). Suppose u*z = -42 + 168. What is the highest common factor of z and 14?
14
Let o = 2 + -25. Let b = o + 113. Suppose -458 = -x - 4*x + 2*p, x - 2*p - b = 0. Calculate the highest common divisor of 23 and x.
23
Let h be (-10)/105 + 258/63. Let s be 728/39*(-6)/(-4). Calculate the highest common divisor of h and s.
4
Suppose 0 = -z + 2 + 6. Let q be 3*2/6*1. Calculate the highest common factor of q and z.
1
Let l(w) = 4*w + 42. Let u be l(-3). What is the greatest common divisor of u and 105?
15
Suppose -3*w - 588 = -5*i, -5*w + 24 - 4 = 0. Suppose 2*g = g - 2*a + i, 3*a + 425 = 4*g. Calculate the highest common factor of g and 22.
22
Let p(z) = -z**2 + 20*z - 68. Let u be p(12). What is the greatest common factor of 32 and u?
4
Let c(t) = -t**2 + 11*t + 9. Let r be c(10). What is the greatest common divisor of r and 1121?
19
Let x = 16 + -10. Let f = x + -3. Suppose 198 = 3*w - w + f*o, -3*w + 5*o + 278 = 0. Calculate the highest common divisor of w and 12.
12
Let l(d) = -d**3 + d**2 - d + 36. Let o be l(0). Let b be (o/30)/((-2)/(-5)). What is the highest common factor of b and 27?
3
Suppose -2*w + 56 = 3*h, 0 = -11*h + 12*h - w - 17. Let a(p) = -p + 12. Let z be a(0). Calculate the greatest common factor of z and h.
6
Let j(l) = l + 5. Let k be j(-3). Let v be ((-3)/9)/(k/(-72)). Let f be 11 + -2*1 + -1. Calculate the highest common divisor of f and v.
4
Let n = 918 - 862. Calculate the greatest common divisor of n and 49.
7
Let f be (-16082)/(-88) + 3/12. What is the greatest common factor of f and 122?
61
Let q be -12*(-15)/140*7. Let x = q + 4. Calculate the highest common factor of 26 and x.
13
Let q(z) = -4*z - 4 + 7*z + 6*z - z**2. Suppose 3*o = 4*w + 15 + 10, -3*w = 3. Let j be q(o). Calculate the highest common factor of j and 10.
10
Let k = -25 - -31. Let i = k + 10. Suppose -3*t + 15 = -9. Calculate the greatest common divisor of i and t.
8
Let k(i) = -i + 58. Let u be k(-3). What is the greatest common divisor of 1952 and u?
61
Let i = 15 - 8. Let a = i - -5. Let x be (28/(-21))/((-2)/a). What is the greatest common divisor of 20 and x?
4
Suppose -5*z - 108 = -18. Let h be z/36 + 42/4. What is the greatest common divisor of 50 and h?
10
Let z = -6 - -15. Suppose s - 15*m = -19*m - 4, -5*s = -4*m - 76. Calculate the highest common factor of s and z.
3
Suppose 47 = 5*l + 7. Suppose 232 = -6*v + l*v. What is the greatest common factor of v and 29?
29
Let r = 1482 + -606. Calculate the greatest common divisor of 12 and r.
12
Let s be ((-3192)/(-16) + 8)*6. What is the greatest common divisor of 30 and s?
15
Let y(o) = 3*o**2 - 131*o + 20. Let g be y(44). What is the greatest common divisor of 832 and g?
64
Suppose -20 = -3*m + m. Let y = 52 - 63. Let h(o) = -o**3 - 11*o**2 - 6*o + 14. Let z be h(y). Calculate the greatest common factor of z and m.
10
Let u = -47 + 67. Let p = 48 - u. What is the greatest common divisor of 98 and p?
14
Let f(s) = s + 12. Let d be f(-9). Let o = 3609 - 3608. What is the highest common factor of d and o?
1
Let t be 163/1 + (-11 + 16 - 7). Calculate the greatest common divisor of t and 21.
7
Suppose 11*s - 77 = 10*s. What is the highest common factor of s and 44?
11
Suppose 3*h - 12 - 42 = 0. Let